the prime factors of v(-6).
5, 11
Let w(y) = -y - 3. Suppose 0*u = -3*u - 15. Let i be w(u). What are the prime factors of (1 + i)*(-4)/(-3)?
2
List the prime factors of 10 - (5 + -4)*2.
2
Let l be (2/(-8) + -2)*-12. Let r = l + -16. Suppose -3*y + 1 + r = 0. List the prime factors of y.
2
Let l(u) = -23*u + 32. What are the prime factors of l(-9)?
239
Suppose 2*m - 137 = 5*h, -2*h = -4*m + h + 281. List the prime factors of m.
71
Suppose -3*r + 66 = 3*c, -4*c = -r - c + 14. Suppose b - r = -b. What are the prime factors of b?
2, 5
Let q = -1 + 6. Suppose 27 = q*i + 2. What are the prime factors of i?
5
Suppose -2*o + 0*o + 3*n = -7, 0 = 5*o - n + 2. What are the prime factors of (0 - (-8 + -1)) + o?
2
Suppose -12 = 2*t - t + 4*l, -3*t + 2*l = -6. Suppose j - 3*j + 10 = t. Suppose -j*g = -6*g + 13. What are the prime factors of g?
13
Let f = 60 - 34. What are the prime factors of f?
2, 13
Let y(t) = -t + 2. Let k be y(11). Let b = 26 + k. What are the prime factors of b?
17
Let i(a) = 10*a**2 + a - 1. Let m = -3 + 1. List the prime factors of i(m).
37
Let n(f) = f + 13. Let q be n(0). Let p = q - 2. What are the prime factors of p?
11
Suppose 5 - 33 = -v. Suppose v = 4*p + 5*d, -3*p + 2 = -3*d - 19. What are the prime factors of p?
7
Let n be -22 + (-3)/6*-4. Let q = 25 - n. What are the prime factors of q?
3, 5
Let a(k) = 2*k**2 + 8*k - 2. Let g be -14*(-2)/16*-4. Let z be a(g). Suppose -b = 2*c + 2*c + 10, z = 2*b - 4*c. What are the prime factors of b?
2, 5
Let h = 1 - 0. Let o = h + 4. List the prime factors of o.
5
Let w(i) = i - 7. Let q be w(7). What are the prime factors of (-3 + -3)*-1 + q?
2, 3
Let r be (1 + -4)*16/(-6). Suppose r = -2*g - 2*g. Let b = g + 4. List the prime factors of b.
2
Let d be 0/(-1*2) + 0. Let f(a) = -2*a + 8. Let n be f(3). Let x = n - d. List the prime factors of x.
2
Let w(h) = -27*h**3 - h**2 + h - 1. What are the prime factors of w(-2)?
11, 19
Let d = 41 - 11. List the prime factors of d.
2, 3, 5
Suppose -4*s - 6 = -3*i, 0*i = i - 2*s. List the prime factors of (i/(-5))/((-2)/15).
3
Let m = 5 - 11. Let k be 2/m - (-480)/9. Suppose 0*r + k = 4*r - 5*j, 3*r - 33 = -3*j. List the prime factors of r.
2, 3
Let x(o) = o + 1. Let h(g) = -2*g - 5. Suppose -l + 27 = -3*b - 5*l, -4*b - 3*l - 29 = 0. Let q be h(b). What are the prime factors of x(q)?
2, 3
Suppose -c + 62 = 7. What are the prime factors of c?
5, 11
Let m(f) = -4*f**3 - 3*f**2 + 6*f + 3. Let o(y) = -5*y**3 - 3*y**2 + 7*y + 4. Let p(a) = -4*m(a) + 3*o(a). What are the prime factors of p(-3)?
3
What are the prime factors of 15 + -18 + (122 - 0)?
7, 17
Suppose -3*c - 5*u = -211, -44 + 192 = 2*c - 4*u. Let p = -30 + c. List the prime factors of p.
2, 3, 7
Suppose 80 = 2*q - 36. Let d = -30 + q. List the prime factors of d.
2, 7
Suppose -3*f + 5*n - 34 = -4*f, 4*f - 2*n = 180. What are the prime factors of f?
2, 11
Let q = 128 - 74. Suppose 4*c + 0*s - 4*s - 52 = 0, -2*c - 5*s = -q. List the prime factors of c.
17
Suppose -2*j + 7*j = 0. Suppose j = -2*p - 0*p + 10. Suppose -51 = -4*q - p*o, -4*q - q = 3*o - 54. List the prime factors of q.
3
Let k(a) = 4*a**3 + 2*a**2 - 2*a + 2. What are the prime factors of k(2)?
2, 19
Suppose 8 = i - 76. List the prime factors of i.
2, 3, 7
Suppose 0*r + 204 = 3*r + 3*p, -r = 4*p - 74. List the prime factors of r.
2, 3, 11
Let l = 43 + -8. List the prime factors of l.
5, 7
Let n = 39 + -19. Let r be ((-3)/5)/(3/(-15)). Suppose r*v + 2*v = n. List the prime factors of v.
2
Suppose 4*s - 19 = 1, -m - 26 = -4*s. Let c(j) = -j**3 - 7*j**2 - 6*j + 2. What are the prime factors of c(m)?
2
Let g = 6 - 11. Let d be -2 - (-1 + 1 - g). Let w(z) = z**2 + 7*z + 10. What are the prime factors of w(d)?
2, 5
Suppose 0 = -2*b + 48 + 2. What are the prime factors of b?
5
Let i(c) = c**3 + 7*c**2 - 7*c + 11. Let q be i(-8). Suppose 0 = -3*o - q + 30. List the prime factors of o.
3
Let v(p) be the third derivative of 2*p**2 + 0 + 3/2*p**3 + 0*p - 1/24*p**4. List the prime factors of v(5).
2
Let z(s) = -2 - 5*s**3 + 4*s - s + 6*s**3 + 5*s**2. Let c be z(-4). Suppose p + 23 = 4*p - 5*o, o - 11 = -c*p. List the prime factors of p.
2, 3
Let t(o) = -o**3 - 16*o**2 + 48*o + 17. List the prime factors of t(-19).
2, 47
Let d be 0*(-2 - 1)/3. Suppose -4*f + 48 = -d*f. List the prime factors of f.
2, 3
Suppose -2*p + 2*r + 20 = 0, -5*p + 21 = -r - 13. List the prime factors of p.
2, 3
Let q be (-9)/2*24/9. Let u be (-7)/(7/q) + -2. Suppose 4*w - 2*z + 18 - 48 = 0, u = 2*z. List the prime factors of w.
2, 5
Let a(h) = -11*h**2 + 21*h - 16. Let t(l) = 4*l**2 - 7*l + 5. Let k(v) = -3*a(v) - 8*t(v). List the prime factors of k(7).
2
Let j(g) = -g**3 - 4*g**2 - g. Let c(w) = 2 + 1 - 13 - w. Let z be c(-6). What are the prime factors of j(z)?
2
Suppose i - u - 10 = 0, -2*i - 5 + 1 = 4*u. List the prime factors of i.
2, 3
Suppose -5*c = -4*z + 78, -4*z + 100 = z - 5*c. What are the prime factors of z?
2, 11
Suppose 4 = 5*q - 11. Let o = 5 - 2. Suppose -q*w - o*a + 9 = -15, -3*w - 4*a + 26 = 0. List the prime factors of w.
2, 3
Let o(c) = -c**3 + 3. Let v be o(0). Suppose -g + v*h + 3 + 15 = 0, 33 = g + 2*h. Let i = g - 18. What are the prime factors of i?
3
Suppose -2*a = -48 - 112. What are the prime factors of a?
2, 5
Let c = 75 - 53. What are the prime factors of c?
2, 11
Suppose -22 = 2*z - 4. Let t = -110 - -74. What are the prime factors of (-8)/t + (-88)/z?
2, 5
Let o = 119 - 82. Suppose -o = -3*u + 4*k, 0 = 8*u - 4*u + k - 43. List the prime factors of u.
11
Suppose -1 = 5*k + 5*d + 14, 2*k + d = -7. Let y be (1 - k) + (2 - 2). Suppose 9 = 3*j - 3*m, 3*j - y*m = 3 - 2. List the prime factors of j.
7
Let y be (1/2)/((-2)/(-12)). Suppose 2*z = -y*u + 17, u + 0*u - 4*z - 1 = 0. List the prime factors of u.
5
Suppose 4*u - 26 = 74. List the prime factors of u.
5
Let x = -6 - -10. Suppose -2*y + 4*u = 0, -2*u + 2 = -x. Suppose y*r - r = 30. List the prime factors of r.
2, 3
Let i(n) = 5*n + 5. What are the prime factors of i(6)?
5, 7
Let u = -71 - -137. What are the prime factors of u?
2, 3, 11
Let k be 0*(0 + 1/2). Suppose -z - 4*n = 6, 0*z - 5*z + 5*n + 70 = k. List the prime factors of z.
2, 5
Let u(s) = -2*s - 4. Let v(d) = -2*d - 4. Let z(n) = -3*u(n) + 4*v(n). Suppose 0 = 4*j - l + 23, -5*j + 4*l = 12 + 3. What are the prime factors of z(j)?
2, 5
Suppose 2*t + 2*t + u = 301, -u = 3. Suppose 4*i - 24 - t = 0. What are the prime factors of i?
5
Let z(y) = 4*y. What are the prime factors of z(7)?
2, 7
Let s = 4 + 6. List the prime factors of s.
2, 5
Let j(r) = r**2 - 5*r - 7. Let v be j(9). Suppose -2*c - v = 5*l + 27, -106 = 5*c + 4*l. Let d = 29 + c. List the prime factors of d.
11
What are the prime factors of 3950/60 + 1/6?
2, 3, 11
Let s be 0/(-1) + (-12)/1. What are the prime factors of 4/s - (-19)/3?
2, 3
Let q(g) = 4*g - 2. Suppose 0 = -2*h + 4*r + 26, -6*h + 3*h + 3*r + 30 = 0. What are the prime factors of q(h)?
2, 13
Let j(p) = -p**3 - 18*p**2 - 21*p - 16. List the prime factors of j(-17).
2, 13
Suppose 2*r - g - 4*g = 29, 0 = 5*r - 3*g - 63. Let l(i) = -i**3 + 12*i**2 + 2*i - 4. List the prime factors of l(r).
2, 5
Suppose 25 + 64 = w + 4*p, 0 = -4*w - 5*p + 345. What are the prime factors of w?
5, 17
Suppose 0 = -5*n + 110 + 160. What are the prime factors of n?
2, 3
Let s(d) = 26*d - 14. What are the prime factors of s(3)?
2
Suppose 0*r - 88 = -2*q + 2*r, -3*r = 2*q - 93. List the prime factors of q.
3, 5
Suppose 5*z = q - 59, 0*z - 180 = -5*q + 2*z. What are the prime factors of q?
2, 17
Let w(p) be the first derivative of p**4/4 + 5*p**3/3 + 3*p**2/2 - 1. Suppose -d = 3*d + 8. List the prime factors of w(d).
2, 3
Suppose 4*c + 8 = 56. What are the prime factors of (-2)/(-3) + 52/c?
5
Let b be 45*(-2)/2 + 2. What are the prime factors of (b + 4)*1/(-3)?
13
Let k(i) = 0*i**2 - 2*i**3 - i + i**2 - 5*i**2 + 1. List the prime factors of k(-3).
2, 11
Suppose -2*v = 4*w - 1186, w = 2*v - 2 + 296. What are the prime factors of w?
2, 37
Let m(k) = -k**3 + 17*k**2 - 29*k + 2. What are the prime factors of m(15)?
17
Let j = 65 - 19. List the prime factors of j.
2, 23
Suppose -2*n - 20 = -0*n. What are the prime factors of 114/10 + (-6)/n?
2, 3
List the prime factors of (-129)/(-2) - (-1)/(-2).
2
Let x(o) be the third derivative of o**4/12 -